{"id":192,"date":"2024-11-23T17:44:26","date_gmt":"2024-11-23T17:44:26","guid":{"rendered":"https:\/\/adente.fi\/?page_id=192"},"modified":"2026-01-19T13:18:45","modified_gmt":"2026-01-19T13:18:45","slug":"me-adentella","status":"publish","type":"page","link":"https:\/\/adente.fi\/?page_id=192","title":{"rendered":"Me Adentella"},"content":{"rendered":"\n<div class=\"wp-block-group alignfull has-contrast-background-color has-background\" style=\"margin-top:0;margin-bottom:0;padding-top:var(--wp--preset--spacing--50);padding-bottom:var(--wp--preset--spacing--50)\"><div class=\"wp-block-group__inner-container is-layout-constrained wp-block-group-is-layout-constrained\">\n<div class=\"wp-block-columns alignwide is-layout-flex wp-container-core-columns-is-layout-30f78326 wp-block-columns-is-layout-flex\">\n<div class=\"wp-block-column is-layout-flow wp-block-column-is-layout-flow\" style=\"flex-basis:56%\">\n<p class=\"has-base-color has-text-color has-medium-font-size\">Seuravassa esittelemme itsemme<\/p>\n<\/div>\n<\/div>\n<\/div><\/div>\n\n\n\n<div class=\"wp-block-group alignfull has-white-color has-text-color has-background has-link-color has-medium-font-size wp-elements-4a060d667df497c0526222ecb9e6e6d4 is-layout-grid wp-container-core-group-is-layout-0b08d4c2 wp-block-group-is-layout-grid\" style=\"background-color:#cc2269;margin-top:0;margin-bottom:0;padding-top:var(--wp--preset--spacing--50);padding-bottom:var(--wp--preset--spacing--50)\">\n<div class=\"wp-block-group alignwide is-layout-grid wp-container-core-group-is-layout-618d7a50 wp-block-group-is-layout-grid\">\n<figure class=\"wp-block-image size-full\"><img loading=\"lazy\" decoding=\"async\" width=\"500\" height=\"600\" src=\"https:\/\/adente.fi\/wp-content\/uploads\/2024\/11\/Sanna.jpg\" alt=\"\" class=\"wp-image-22\" style=\"aspect-ratio:1;object-fit:cover\" srcset=\"https:\/\/adente.fi\/wp-content\/uploads\/2024\/11\/Sanna.jpg 500w, https:\/\/adente.fi\/wp-content\/uploads\/2024\/11\/Sanna-250x300.jpg 250w\" sizes=\"auto, (max-width: 500px) 100vw, 500px\" \/><figcaption class=\"wp-element-caption\"><strong> Sanna Anttila-Ingi <\/strong><br> hammasl\u00e4\u00e4k\u00e4ri<\/figcaption><\/figure>\n\n\n\n<figure class=\"wp-block-image size-full\"><img loading=\"lazy\" decoding=\"async\" width=\"500\" height=\"600\" src=\"https:\/\/adente.fi\/wp-content\/uploads\/2024\/11\/Christel.jpg\" alt=\"\" class=\"wp-image-23\" style=\"aspect-ratio:1;object-fit:cover\" srcset=\"https:\/\/adente.fi\/wp-content\/uploads\/2024\/11\/Christel.jpg 500w, https:\/\/adente.fi\/wp-content\/uploads\/2024\/11\/Christel-250x300.jpg 250w\" sizes=\"auto, (max-width: 500px) 100vw, 500px\" \/><figcaption class=\"wp-element-caption\"><strong> Christel Lillqvist Thors<\/strong><br> hammasl\u00e4\u00e4k\u00e4ri<\/figcaption><\/figure>\n\n\n\n<figure class=\"wp-block-image size-full\"><img loading=\"lazy\" decoding=\"async\" width=\"500\" height=\"600\" src=\"https:\/\/adente.fi\/wp-content\/uploads\/2024\/11\/Annika.jpg\" alt=\"\" class=\"wp-image-24\" style=\"aspect-ratio:1;object-fit:cover\" srcset=\"https:\/\/adente.fi\/wp-content\/uploads\/2024\/11\/Annika.jpg 500w, https:\/\/adente.fi\/wp-content\/uploads\/2024\/11\/Annika-250x300.jpg 250w\" sizes=\"auto, (max-width: 500px) 100vw, 500px\" \/><figcaption class=\"wp-element-caption\"><strong> Annika Nyg\u00e5rd <\/strong><br> hammasl\u00e4\u00e4k\u00e4ri<\/figcaption><\/figure>\n\n\n\n<figure class=\"wp-block-image size-full wp-container-content-a7057f16\"><img loading=\"lazy\" decoding=\"async\" width=\"500\" height=\"600\" src=\"https:\/\/adente.fi\/wp-content\/uploads\/2024\/11\/Petra-N.jpg\" alt=\"\" class=\"wp-image-25\" style=\"aspect-ratio:1;object-fit:cover\" srcset=\"https:\/\/adente.fi\/wp-content\/uploads\/2024\/11\/Petra-N.jpg 500w, https:\/\/adente.fi\/wp-content\/uploads\/2024\/11\/Petra-N-250x300.jpg 250w\" sizes=\"auto, (max-width: 500px) 100vw, 500px\" \/><figcaption class=\"wp-element-caption\"><strong> Petra Nyvall <\/strong><br> hammasl\u00e4\u00e4k\u00e4ri<\/figcaption><\/figure>\n\n\n\n<figure class=\"wp-block-image size-full wp-container-content-a7057f16\"><img loading=\"lazy\" decoding=\"async\" width=\"419\" height=\"450\" src=\"https:\/\/adente.fi\/wp-content\/uploads\/2024\/11\/Lukas-1-e1733943217224.png\" alt=\"\" class=\"wp-image-373\" style=\"aspect-ratio:1;object-fit:cover\" srcset=\"https:\/\/adente.fi\/wp-content\/uploads\/2024\/11\/Lukas-1-e1733943217224.png 419w, https:\/\/adente.fi\/wp-content\/uploads\/2024\/11\/Lukas-1-e1733943217224-279x300.png 279w\" sizes=\"auto, (max-width: 419px) 100vw, 419px\" \/><figcaption class=\"wp-element-caption\"><strong>Lukas Grankull<\/strong><br> hammasl\u00e4\u00e4k\u00e4ri<\/figcaption><\/figure>\n\n\n\n<figure class=\"wp-block-image size-full\"><img loading=\"lazy\" decoding=\"async\" width=\"500\" height=\"600\" src=\"https:\/\/adente.fi\/wp-content\/uploads\/2024\/11\/Ulla.jpg\" alt=\"\" class=\"wp-image-26\" style=\"aspect-ratio:1;object-fit:cover\" srcset=\"https:\/\/adente.fi\/wp-content\/uploads\/2024\/11\/Ulla.jpg 500w, https:\/\/adente.fi\/wp-content\/uploads\/2024\/11\/Ulla-250x300.jpg 250w\" sizes=\"auto, (max-width: 500px) 100vw, 500px\" \/><figcaption class=\"wp-element-caption\"><strong> Ulla Widd <\/strong><br> hammashoitaja<\/figcaption><\/figure>\n\n\n\n<figure class=\"wp-block-image size-full wp-container-content-a7057f16\"><img loading=\"lazy\" decoding=\"async\" width=\"500\" height=\"600\" src=\"https:\/\/adente.fi\/wp-content\/uploads\/2024\/11\/Petra-H.jpg\" alt=\"\" class=\"wp-image-28\" style=\"aspect-ratio:1;object-fit:cover\" srcset=\"https:\/\/adente.fi\/wp-content\/uploads\/2024\/11\/Petra-H.jpg 500w, https:\/\/adente.fi\/wp-content\/uploads\/2024\/11\/Petra-H-250x300.jpg 250w\" sizes=\"auto, (max-width: 500px) 100vw, 500px\" \/><figcaption class=\"wp-element-caption\"><strong> Petra Hedman<\/strong> <br>vastaanottoapulainen<\/figcaption><\/figure>\n\n\n\n<figure class=\"wp-block-image size-full\"><img loading=\"lazy\" decoding=\"async\" width=\"500\" height=\"600\" src=\"https:\/\/adente.fi\/wp-content\/uploads\/2024\/11\/Jessica.jpg\" alt=\"\" class=\"wp-image-29\" style=\"aspect-ratio:1;object-fit:cover\" srcset=\"https:\/\/adente.fi\/wp-content\/uploads\/2024\/11\/Jessica.jpg 500w, https:\/\/adente.fi\/wp-content\/uploads\/2024\/11\/Jessica-250x300.jpg 250w\" sizes=\"auto, (max-width: 500px) 100vw, 500px\" \/><figcaption class=\"wp-element-caption\"><strong> Jessica L\u00e5ngbacka <\/strong><br>vastaanottoapulainen<\/figcaption><\/figure>\n\n\n\n<figure class=\"wp-block-image size-full\"><img loading=\"lazy\" decoding=\"async\" width=\"500\" height=\"600\" src=\"https:\/\/adente.fi\/wp-content\/uploads\/2024\/11\/Annika-K.jpg\" alt=\"\" class=\"wp-image-30\" style=\"aspect-ratio:1;object-fit:cover\" srcset=\"https:\/\/adente.fi\/wp-content\/uploads\/2024\/11\/Annika-K.jpg 500w, https:\/\/adente.fi\/wp-content\/uploads\/2024\/11\/Annika-K-250x300.jpg 250w\" sizes=\"auto, (max-width: 500px) 100vw, 500px\" \/><figcaption class=\"wp-element-caption\"><strong> Annika Koivisto <\/strong><br> hammashoitaja<\/figcaption><\/figure>\n\n\n\n<figure class=\"wp-block-image size-full\"><img loading=\"lazy\" decoding=\"async\" width=\"500\" height=\"600\" src=\"https:\/\/adente.fi\/wp-content\/uploads\/2024\/11\/Maria-L.jpg\" alt=\"\" class=\"wp-image-31\" style=\"aspect-ratio:1;object-fit:cover\" srcset=\"https:\/\/adente.fi\/wp-content\/uploads\/2024\/11\/Maria-L.jpg 500w, https:\/\/adente.fi\/wp-content\/uploads\/2024\/11\/Maria-L-250x300.jpg 250w\" sizes=\"auto, (max-width: 500px) 100vw, 500px\" \/><figcaption class=\"wp-element-caption\"><strong> Maria L\u00f6fgren <\/strong><br> hammashoitaja<\/figcaption><\/figure>\n\n\n\n<figure class=\"wp-block-image size-full\"><img loading=\"lazy\" decoding=\"async\" width=\"500\" height=\"600\" src=\"https:\/\/adente.fi\/wp-content\/uploads\/2024\/11\/Maria-M.jpg\" alt=\"\" class=\"wp-image-32\" style=\"aspect-ratio:1;object-fit:cover\" srcset=\"https:\/\/adente.fi\/wp-content\/uploads\/2024\/11\/Maria-M.jpg 500w, https:\/\/adente.fi\/wp-content\/uploads\/2024\/11\/Maria-M-250x300.jpg 250w\" sizes=\"auto, (max-width: 500px) 100vw, 500px\" \/><figcaption class=\"wp-element-caption\"><strong> Maria Myllyl\u00e4 <\/strong><br> hammashoitaja<\/figcaption><\/figure>\n\n\n\n<figure class=\"wp-block-image size-full\"><img loading=\"lazy\" decoding=\"async\" width=\"500\" height=\"600\" src=\"https:\/\/adente.fi\/wp-content\/uploads\/2024\/11\/Satu-Perkiomaki.jpg\" alt=\"\" class=\"wp-image-33\" style=\"aspect-ratio:1;object-fit:cover\" srcset=\"https:\/\/adente.fi\/wp-content\/uploads\/2024\/11\/Satu-Perkiomaki.jpg 500w, https:\/\/adente.fi\/wp-content\/uploads\/2024\/11\/Satu-Perkiomaki-250x300.jpg 250w\" sizes=\"auto, (max-width: 500px) 100vw, 500px\" \/><figcaption class=\"wp-element-caption\"><strong>Satu West<\/strong><br> suuhygienisti<\/figcaption><\/figure>\n<\/div>\n<\/div>\n\n\n\n<p><\/p>\n","protected":false},"excerpt":{"rendered":"<p>Seuravassa esittelemme itsemme<\/p>\n","protected":false},"author":1,"featured_media":0,"parent":0,"menu_order":0,"comment_status":"closed","ping_status":"closed","template":"","meta":{"footnotes":"[]"},"class_list":["post-192","page","type-page","status-publish","hentry","post"],"_links":{"self":[{"href":"https:\/\/adente.fi\/index.php?rest_route=\/wp\/v2\/pages\/192","targetHints":{"allow":["GET"]}}],"collection":[{"href":"https:\/\/adente.fi\/index.php?rest_route=\/wp\/v2\/pages"}],"about":[{"href":"https:\/\/adente.fi\/index.php?rest_route=\/wp\/v2\/types\/page"}],"author":[{"embeddable":true,"href":"https:\/\/adente.fi\/index.php?rest_route=\/wp\/v2\/users\/1"}],"replies":[{"embeddable":true,"href":"https:\/\/adente.fi\/index.php?rest_route=%2Fwp%2Fv2%2Fcomments&post=192"}],"version-history":[{"count":38,"href":"https:\/\/adente.fi\/index.php?rest_route=\/wp\/v2\/pages\/192\/revisions"}],"predecessor-version":[{"id":682,"href":"https:\/\/adente.fi\/index.php?rest_route=\/wp\/v2\/pages\/192\/revisions\/682"}],"wp:attachment":[{"href":"https:\/\/adente.fi\/index.php?rest_route=%2Fwp%2Fv2%2Fmedia&parent=192"}],"curies":[{"name":"wp","href":"https:\/\/api.w.org\/{rel}","templated":true}]}}