{"id":289,"date":"2024-11-25T07:03:46","date_gmt":"2024-11-25T07:03:46","guid":{"rendered":"https:\/\/adente.fi\/?page_id=289"},"modified":"2024-11-25T07:09:43","modified_gmt":"2024-11-25T07:09:43","slug":"henkilotietojen-kasittely","status":"publish","type":"page","link":"https:\/\/adente.fi\/?page_id=289","title":{"rendered":"Henkil\u00f6tietojen k\u00e4sittely"},"content":{"rendered":"\n<p>Informaatio henkil\u00f6tietojen k\u00e4sittelyst\u00e4 henkil\u00f6tietolain mukaan:<\/p>\n\n\n\n<p>Henkil\u00f6tietosi rekister\u00f6id\u00e4\u00e4n Adente Hammasl\u00e4\u00e4k\u00e4rien yll\u00e4pit\u00e4m\u00e4\u00e4n rekisteriin. Henkil\u00f6tiedot ovat luottamuksellisia ja luovutetaan ainoastaan lain mukaan tai suostumuksestasi. Tietojasi k\u00e4ytet\u00e4\u00e4n ainoastaan hoitosi yhteydess\u00e4.<\/p>\n\n\n\n<p>Hakeutumalla hoitoon meille, hyv\u00e4ksyt tietojesi tallentamisen rekisteriimme. Henkil\u00f6tietojasi tarvitaan pysty\u00e4ksemme antamaan hyv\u00e4\u00e4, turvallista ja laadukasta hammashoitoa. Olemme velvollisia tekem\u00e4\u00e4n sairauskertomuksen jokaisesta potilaasta. Sairauskertomus sis\u00e4lt\u00e4\u00e4 henkil\u00f6tietoja, hoitoon hakeutumisen syit\u00e4, tietoja taudin m\u00e4\u00e4rityksest\u00e4, tehdyist\u00e4 ja suunnitteluista toimeenpiteist\u00e4, sek\u00e4 ajankohdasta ja henkil\u00f6st\u00e4, joka sairauskertomukseen on tehnyt merkinn\u00e4t.<\/p>\n\n\n\n<p>Potilaana sinun on mahdollista varata aika s\u00e4hk\u00f6postitse tai puhelimitse, ja saada sopimuksen mukaan s\u00e4\u00e4nn\u00f6llinen kutsu hoitoon. Voidaaksemme tarjota sinulle t\u00e4m\u00e4n palvelun, tarvitsemme nimesi, osoitteesi, s\u00e4hk\u00f6postiosoitteesi ja puhelinnumerosi. Henkil\u00f6tietosi ovat v\u00e4ltt\u00e4m\u00e4tt\u00f6mi\u00e4 voidaaksemme t\u00e4ytt\u00e4\u00e4 ne oikeudelliset velvollisuudet, jotka meill\u00e4 hoidonantajina on.<\/p>\n\n\n\n<p>Kirjallisella pyynn\u00f6ll\u00e4 voit tutustua rekisteritietoihisi. Sinulla on my\u00f6s oikeus vaatia rekisteriss\u00e4 olevan virheellisen tiedon oikaisua.<\/p>\n\n\n\n<p>Adente Hammasl\u00e4\u00e4k\u00e4rit<\/p>\n","protected":false},"excerpt":{"rendered":"<p>Informaatio henkil\u00f6tietojen k\u00e4sittelyst\u00e4 henkil\u00f6tietolain mukaan: Henkil\u00f6tietosi rekister\u00f6id\u00e4\u00e4n Adente Hammasl\u00e4\u00e4k\u00e4rien yll\u00e4pit\u00e4m\u00e4\u00e4n rekisteriin. Henkil\u00f6tiedot ovat luottamuksellisia ja luovutetaan ainoastaan lain mukaan tai suostumuksestasi. Tietojasi k\u00e4ytet\u00e4\u00e4n ainoastaan hoitosi yhteydess\u00e4. Hakeutumalla hoitoon meille, hyv\u00e4ksyt tietojesi tallentamisen rekisteriimme. Henkil\u00f6tietojasi tarvitaan pysty\u00e4ksemme antamaan hyv\u00e4\u00e4, turvallista ja laadukasta hammashoitoa. Olemme velvollisia tekem\u00e4\u00e4n sairauskertomuksen jokaisesta potilaasta. Sairauskertomus sis\u00e4lt\u00e4\u00e4 henkil\u00f6tietoja, hoitoon hakeutumisen syit\u00e4, tietoja [&hellip;]<\/p>\n","protected":false},"author":1,"featured_media":0,"parent":0,"menu_order":0,"comment_status":"closed","ping_status":"open","template":"","meta":{"footnotes":""},"class_list":["post-289","page","type-page","status-publish","hentry","post"],"_links":{"self":[{"href":"https:\/\/adente.fi\/index.php?rest_route=\/wp\/v2\/pages\/289","targetHints":{"allow":["GET"]}}],"collection":[{"href":"https:\/\/adente.fi\/index.php?rest_route=\/wp\/v2\/pages"}],"about":[{"href":"https:\/\/adente.fi\/index.php?rest_route=\/wp\/v2\/types\/page"}],"author":[{"embeddable":true,"href":"https:\/\/adente.fi\/index.php?rest_route=\/wp\/v2\/users\/1"}],"replies":[{"embeddable":true,"href":"https:\/\/adente.fi\/index.php?rest_route=%2Fwp%2Fv2%2Fcomments&post=289"}],"version-history":[{"count":2,"href":"https:\/\/adente.fi\/index.php?rest_route=\/wp\/v2\/pages\/289\/revisions"}],"predecessor-version":[{"id":292,"href":"https:\/\/adente.fi\/index.php?rest_route=\/wp\/v2\/pages\/289\/revisions\/292"}],"wp:attachment":[{"href":"https:\/\/adente.fi\/index.php?rest_route=%2Fwp%2Fv2%2Fmedia&parent=289"}],"curies":[{"name":"wp","href":"https:\/\/api.w.org\/{rel}","templated":true}]}}