{"id":48,"date":"2024-11-19T07:21:45","date_gmt":"2024-11-19T07:21:45","guid":{"rendered":"https:\/\/adente.fi\/?page_id=48"},"modified":"2026-01-19T13:09:26","modified_gmt":"2026-01-19T13:09:26","slug":"adente","status":"publish","type":"page","link":"https:\/\/adente.fi\/?page_id=48&lang=sv","title":{"rendered":"Adente"},"content":{"rendered":"\n<p class=\"has-text-color has-link-color has-medium-font-size wp-elements-e327df0c1c781adb0c50bf5c9a407a99\" style=\"color:#cc2269\"><\/p>\n\n\n\n<div style=\"height:30px\" aria-hidden=\"true\" class=\"wp-block-spacer\"><\/div>\n\n\n\n<div class=\"wp-block-group is-nowrap is-layout-flex wp-container-core-group-is-layout-ad2f72ca wp-block-group-is-layout-flex\">\n<div class=\"wp-block-group alignfull\" style=\"margin-top:0;margin-bottom:0;padding-top:var(--wp--preset--spacing--50);padding-bottom:var(--wp--preset--spacing--50)\"><div class=\"wp-block-group__inner-container is-layout-constrained wp-block-group-is-layout-constrained\">\n<div class=\"wp-block-columns alignwide is-layout-flex wp-container-core-columns-is-layout-9d6595d7 wp-block-columns-is-layout-flex\">\n<div class=\"wp-block-column is-layout-flow wp-block-column-is-layout-flow\" style=\"flex-basis:100%\">\n<div class=\"wp-block-group\"><div class=\"wp-block-group__inner-container is-layout-constrained wp-block-group-is-layout-constrained\">\n<div class=\"wp-block-cover\"><img loading=\"lazy\" decoding=\"async\" width=\"1680\" height=\"1000\" class=\"wp-block-cover__image-background wp-image-302\" alt=\"\" src=\"https:\/\/adente.fi\/wp-content\/uploads\/2024\/11\/adente-bg-top.jpg\" data-object-fit=\"cover\" srcset=\"https:\/\/adente.fi\/wp-content\/uploads\/2024\/11\/adente-bg-top.jpg 1680w, https:\/\/adente.fi\/wp-content\/uploads\/2024\/11\/adente-bg-top-300x179.jpg 300w, https:\/\/adente.fi\/wp-content\/uploads\/2024\/11\/adente-bg-top-1024x610.jpg 1024w, https:\/\/adente.fi\/wp-content\/uploads\/2024\/11\/adente-bg-top-768x457.jpg 768w, https:\/\/adente.fi\/wp-content\/uploads\/2024\/11\/adente-bg-top-1536x914.jpg 1536w\" sizes=\"auto, (max-width: 1680px) 100vw, 1680px\" \/><span aria-hidden=\"true\" class=\"wp-block-cover__background has-background-dim\" style=\"background-color:#837c71\"><\/span><div class=\"wp-block-cover__inner-container is-layout-flow wp-block-cover-is-layout-flow\">\n<p class=\"has-text-align-center has-large-font-size\">Tandl\u00e4kare i Vasa med patienten i fokus<\/p>\n<\/div><\/div>\n\n\n\n<div style=\"height:10px\" aria-hidden=\"true\" class=\"wp-block-spacer\"><\/div>\n\n\n<ul style=\"color:#cc2269;\" class=\"wp-block-latest-posts__list has-link-color wp-elements-c09a4ac34006721c0d13207d4061bab3 wp-block-latest-posts has-text-color has-medium-font-size\"><\/ul>\n\n\n<div class=\"wp-block-columns are-vertically-aligned-center has-background is-layout-flex wp-container-core-columns-is-layout-9d6595d7 wp-block-columns-is-layout-flex\" style=\"background-color:#cc2269\">\n<div class=\"wp-block-column is-vertically-aligned-center is-layout-flow wp-block-column-is-layout-flow\">\n<p class=\"has-text-align-center has-white-color has-text-color has-link-color has-medium-font-size wp-elements-aeff85b9eb78ffee63f59570c6ef549e\">E-PASSI OCH EDENRED HOS OSS!<\/p>\n<\/div>\n\n\n\n<div class=\"wp-block-column is-vertically-aligned-center is-layout-flow wp-block-column-is-layout-flow\">\n<div class=\"wp-block-buttons is-layout-flex wp-block-buttons-is-layout-flex\">\n<div class=\"wp-block-button\"><a class=\"wp-block-button__link has-background has-medium-font-size has-text-align-right has-custom-font-size wp-element-button\" href=\"https:\/\/adente.fi\/?page_id=250&amp;lang=sv\" style=\"border-radius:5px;background-color:#881647\">L\u00c4S MERA &#8230;<\/a><\/div>\n<\/div>\n<\/div>\n<\/div>\n<\/div><\/div>\n<\/div>\n<\/div>\n\n\n\n<div class=\"wp-block-media-text has-media-on-the-right is-stacked-on-mobile\"><div class=\"wp-block-media-text__content\">\n<p><\/p>\n\n\n\n<h2 class=\"wp-block-heading has-text-color has-link-color wp-elements-dec18eacf21689347891c79c6a0945ed\" style=\"color:#cc2269\">Tandl\u00e4kare med patienten i fokus i trivsam milj\u00f6<\/h2>\n\n\n\n<p class=\"has-black-color has-text-color has-link-color wp-elements-a2913403240e3b11ba4bf44932397ee7\">Hos oss f\u00e5r du en personlig och kvalificerad tandv\u00e5rd i centralt bel\u00e4gna lokaler p\u00e5 Hovr\u00e4ttsesplanaden 23A v\u00e5n 3 (posthuset), Vasa. Mottagningen \u00e4r \u00e4ven l\u00e4ttillg\u00e4nglig f\u00f6r r\u00f6relsehindrade och rullstolsburna, hiss finns fr\u00e5n markplanet och n\u00e4rhet till parkeringsplatser.<br>Vi p\u00e5 Adente erbjuder v\u00e5ra patienter en modern och komplett tandv\u00e5rd utf\u00f6rd under samma tak, och att f\u00e5 tr\u00e4ffa ett stadigt och kompetent team som s\u00e4tter patienten i centrum.<\/p>\n\n\n\n<h2 class=\"wp-block-heading has-text-color has-link-color wp-elements-91fc4e48e19544a05eb4c0e02d076953\" style=\"color:#cc2269\"><a href=\"https:\/\/adente.fi\/?page_id=9&amp;lang=sv\" data-type=\"page\" data-id=\"9\">BOKA TID<\/a><\/h2>\n<\/div><figure class=\"wp-block-media-text__media\"><img loading=\"lazy\" decoding=\"async\" width=\"600\" height=\"600\" src=\"https:\/\/adente.fi\/wp-content\/uploads\/2024\/11\/Adnet-bild_2.jpg\" alt=\"\" class=\"wp-image-91 size-full\" srcset=\"https:\/\/adente.fi\/wp-content\/uploads\/2024\/11\/Adnet-bild_2.jpg 600w, https:\/\/adente.fi\/wp-content\/uploads\/2024\/11\/Adnet-bild_2-300x300.jpg 300w, https:\/\/adente.fi\/wp-content\/uploads\/2024\/11\/Adnet-bild_2-150x150.jpg 150w, https:\/\/adente.fi\/wp-content\/uploads\/2024\/11\/Adnet-bild_2-500x500.jpg 500w\" sizes=\"auto, (max-width: 600px) 100vw, 600px\" \/><\/figure><\/div>\n<\/div><\/div>\n<\/div>\n\n\n\n<div class=\"wp-block-columns is-layout-flex wp-container-core-columns-is-layout-9d6595d7 wp-block-columns-is-layout-flex\">\n<div class=\"wp-block-column is-layout-flow wp-block-column-is-layout-flow\"><\/div>\n\n\n\n<div class=\"wp-block-column is-layout-flow wp-block-column-is-layout-flow\"><\/div>\n<\/div>\n\n\n\n<div class=\"wp-block-cover is-light\"><img loading=\"lazy\" decoding=\"async\" width=\"1680\" height=\"800\" class=\"wp-block-cover__image-background wp-image-213\" alt=\"\" src=\"https:\/\/adente.fi\/wp-content\/uploads\/2024\/11\/adente-bg-treatments.jpg\" data-object-fit=\"cover\" srcset=\"https:\/\/adente.fi\/wp-content\/uploads\/2024\/11\/adente-bg-treatments.jpg 1680w, https:\/\/adente.fi\/wp-content\/uploads\/2024\/11\/adente-bg-treatments-300x143.jpg 300w, https:\/\/adente.fi\/wp-content\/uploads\/2024\/11\/adente-bg-treatments-1024x488.jpg 1024w, https:\/\/adente.fi\/wp-content\/uploads\/2024\/11\/adente-bg-treatments-768x366.jpg 768w, https:\/\/adente.fi\/wp-content\/uploads\/2024\/11\/adente-bg-treatments-1536x731.jpg 1536w\" sizes=\"auto, (max-width: 1680px) 100vw, 1680px\" \/><span aria-hidden=\"true\" class=\"wp-block-cover__background has-background-dim\" style=\"background-color:#cecbc2\"><\/span><div class=\"wp-block-cover__inner-container is-layout-flow wp-block-cover-is-layout-flow\">\n<p class=\"has-text-align-center has-text-color has-link-color has-medium-font-size wp-elements-3f83fae839941eeb3bec36b22ace6cdc\" style=\"color:#cc2269\"><strong>V\u00c5RA BEHANDLINGAR<\/strong><\/p>\n\n\n\n<p class=\"has-text-align-center has-text-color has-link-color has-medium-font-size wp-elements-8e1be264cd3a5c8a97bd4f3cb7c62be4\" style=\"color:#cc2269\">Vi erbjuder moderna behandlingsmetoder inom traditionell tandv\u00e5rd, kirurgi, implantat och kosmetisk tandv\u00e5rd. Vi satsar \u00e4ven p\u00e5 f\u00f6rebyggande behandlingar eftersom det \u00e4r av stor vikt f\u00f6r en l\u00e5ngsiktigt god tandh\u00e4lsa.<\/p>\n\n\n\n<p class=\"has-text-align-center has-text-color has-link-color has-medium-font-size wp-elements-d0ac68b3a209011f29903ec116b835cc\" style=\"color:#cc2269\"><strong><a href=\"https:\/\/adente.fi\/?page_id=17&amp;lang=sv\" data-type=\"page\" data-id=\"17\">L\u00c4S MERA<\/a> &#8230;<\/strong><\/p>\n\n\n\n<p><\/p>\n<\/div><\/div>\n\n\n\n<div class=\"wp-block-columns has-background is-layout-flex wp-container-core-columns-is-layout-9d6595d7 wp-block-columns-is-layout-flex\" style=\"background-color:#cc2269\">\n<div class=\"wp-block-column is-layout-flow wp-block-column-is-layout-flow\" style=\"flex-basis:25%\">\n<figure class=\"wp-block-image size-full\"><img loading=\"lazy\" decoding=\"async\" width=\"500\" height=\"600\" src=\"https:\/\/adente.fi\/wp-content\/uploads\/2024\/11\/Annika-K.jpg\" alt=\"\" class=\"wp-image-30\" srcset=\"https:\/\/adente.fi\/wp-content\/uploads\/2024\/11\/Annika-K.jpg 500w, https:\/\/adente.fi\/wp-content\/uploads\/2024\/11\/Annika-K-250x300.jpg 250w\" sizes=\"auto, (max-width: 500px) 100vw, 500px\" \/><\/figure>\n<\/div>\n\n\n\n<div class=\"wp-block-column is-layout-flow wp-block-column-is-layout-flow\" style=\"flex-basis:25%\">\n<figure class=\"wp-block-image size-full\"><img loading=\"lazy\" decoding=\"async\" width=\"500\" height=\"600\" src=\"https:\/\/adente.fi\/wp-content\/uploads\/2024\/11\/Petra-N.jpg\" alt=\"\" class=\"wp-image-25\" srcset=\"https:\/\/adente.fi\/wp-content\/uploads\/2024\/11\/Petra-N.jpg 500w, https:\/\/adente.fi\/wp-content\/uploads\/2024\/11\/Petra-N-250x300.jpg 250w\" sizes=\"auto, (max-width: 500px) 100vw, 500px\" \/><\/figure>\n<\/div>\n\n\n\n<div class=\"wp-block-column is-layout-flow wp-block-column-is-layout-flow\" style=\"flex-basis:25%\">\n<figure class=\"wp-block-image size-full\"><img loading=\"lazy\" decoding=\"async\" width=\"500\" height=\"600\" src=\"https:\/\/adente.fi\/wp-content\/uploads\/2024\/11\/Annika.jpg\" alt=\"\" class=\"wp-image-24\" srcset=\"https:\/\/adente.fi\/wp-content\/uploads\/2024\/11\/Annika.jpg 500w, https:\/\/adente.fi\/wp-content\/uploads\/2024\/11\/Annika-250x300.jpg 250w\" sizes=\"auto, (max-width: 500px) 100vw, 500px\" \/><\/figure>\n<\/div>\n\n\n\n<div class=\"wp-block-column is-layout-flow wp-block-column-is-layout-flow\" style=\"flex-basis:25%\">\n<figure class=\"wp-block-image size-full\"><img loading=\"lazy\" decoding=\"async\" width=\"389\" height=\"466\" src=\"https:\/\/adente.fi\/wp-content\/uploads\/2024\/11\/Lukas-e1768827732813.png\" alt=\"\" class=\"wp-image-376\" srcset=\"https:\/\/adente.fi\/wp-content\/uploads\/2024\/11\/Lukas-e1768827732813.png 389w, https:\/\/adente.fi\/wp-content\/uploads\/2024\/11\/Lukas-e1768827732813-250x300.png 250w\" sizes=\"auto, (max-width: 389px) 100vw, 389px\" \/><\/figure>\n<\/div>\n<\/div>\n\n\n\n<div class=\"wp-block-columns is-layout-flex wp-container-core-columns-is-layout-9d6595d7 wp-block-columns-is-layout-flex\">\n<div class=\"wp-block-column is-layout-flow wp-block-column-is-layout-flow\"><\/div>\n\n\n\n<div class=\"wp-block-column is-layout-flow wp-block-column-is-layout-flow\"><\/div>\n<\/div>\n\n\n\n<div class=\"wp-block-columns is-layout-flex wp-container-core-columns-is-layout-9d6595d7 wp-block-columns-is-layout-flex\">\n<div class=\"wp-block-column is-layout-flow wp-block-column-is-layout-flow\"><\/div>\n\n\n\n<div class=\"wp-block-column is-layout-flow wp-block-column-is-layout-flow\"><\/div>\n<\/div>\n","protected":false},"excerpt":{"rendered":"<p>E-PASSI OCH EDENRED HOS OSS! Tandl\u00e4kare med patienten i fokus i trivsam milj\u00f6 Hos oss f\u00e5r du en personlig och kvalificerad tandv\u00e5rd i centralt bel\u00e4gna lokaler p\u00e5 Hovr\u00e4ttsesplanaden 23A v\u00e5n 3 (posthuset), Vasa. Mottagningen \u00e4r \u00e4ven l\u00e4ttillg\u00e4nglig f\u00f6r r\u00f6relsehindrade och rullstolsburna, hiss finns fr\u00e5n markplanet och n\u00e4rhet till parkeringsplatser.Vi p\u00e5 Adente erbjuder v\u00e5ra patienter en [&hellip;]<\/p>\n","protected":false},"author":1,"featured_media":0,"parent":0,"menu_order":0,"comment_status":"closed","ping_status":"closed","template":"","meta":{"footnotes":""},"class_list":["post-48","page","type-page","status-publish","hentry","post"],"_links":{"self":[{"href":"https:\/\/adente.fi\/index.php?rest_route=\/wp\/v2\/pages\/48","targetHints":{"allow":["GET"]}}],"collection":[{"href":"https:\/\/adente.fi\/index.php?rest_route=\/wp\/v2\/pages"}],"about":[{"href":"https:\/\/adente.fi\/index.php?rest_route=\/wp\/v2\/types\/page"}],"author":[{"embeddable":true,"href":"https:\/\/adente.fi\/index.php?rest_route=\/wp\/v2\/users\/1"}],"replies":[{"embeddable":true,"href":"https:\/\/adente.fi\/index.php?rest_route=%2Fwp%2Fv2%2Fcomments&post=48"}],"version-history":[{"count":93,"href":"https:\/\/adente.fi\/index.php?rest_route=\/wp\/v2\/pages\/48\/revisions"}],"predecessor-version":[{"id":677,"href":"https:\/\/adente.fi\/index.php?rest_route=\/wp\/v2\/pages\/48\/revisions\/677"}],"wp:attachment":[{"href":"https:\/\/adente.fi\/index.php?rest_route=%2Fwp%2Fv2%2Fmedia&parent=48"}],"curies":[{"name":"wp","href":"https:\/\/api.w.org\/{rel}","templated":true}]}}